{"id":88,"date":"2019-03-06T16:51:38","date_gmt":"2019-03-06T16:51:38","guid":{"rendered":"http:\/\/wp.gottfried-kirch-edition.de\/?page_id=88"},"modified":"2025-05-23T11:24:29","modified_gmt":"2025-05-23T11:24:29","slug":"forschungsberichte","status":"publish","type":"page","link":"https:\/\/gottfried-kirch-edition.de\/?page_id=88","title":{"rendered":"Forschungsberichte"},"content":{"rendered":"\n<p>In der Schriftenreihe \u201cActa Calendariographica \u2013 Forschungsberichte\u201d sind bisher Arbeiten zu folgenden Themen in der Erforschung der Schreibkalender erschienen.<\/p>\n\n\n\n<p><em>Zuletzt ge\u00e4ndert am 23.5.2025<\/em><\/p>\n\n\n\n<p><strong> Band 1<\/strong><\/p>\n\n\n\n<p>Klaus-Dieter Herbst: Verzeichnis der Schreibkalender des 17. Jahrhunderts<br>\nISBN 978-3-941563-13-1&nbsp;<em>(vergriffen)<\/em><br>\nPreis 35,00 EUR<br>\n250 S., Hardcover<\/p>\n\n\n\n<p><strong><br>\nBand 2<\/strong><\/p>\n\n\n\n<p>Klaus-Dieter Herbst: Die Schreibkalender im Kontext der Fr\u00fchaufkl\u00e4rung<br> ISBN 978-3-941563-14-8&nbsp;<em>(vergriffen)<\/em><br> Preis 45,00 EUR<br> 310 S., Hardcover<br> <a href=\"https:\/\/gottfried-kirch-edition.de\/wp-content\/uploads\/2019\/03\/00-Titelei.pdf\" target=\"_blank\" rel=\"noreferrer noopener\" aria-label=\"Titelei, Inhalt, Vorwort (\u00f6ffnet in neuem Tab)\">Titelei, Inhalt, Vorwort<\/a><\/p>\n\n\n\n<p><strong><br>\nBand 3<\/strong><\/p>\n\n\n\n<p>Klaus-Dieter Herbst: Kommentiertes Verzeichnis der Schreibkalender<br> f\u00fcr 1701 bis 1750 im Stadtarchiv Altenburg<br> ISBN 978-3-941563-15-5<br> Preis 45,00 EUR<br> 250 S., 82 Abb., Hardcover<br><a rel=\"noreferrer noopener\" aria-label=\" (\u00f6ffnet in neuem Tab)\" href=\"https:\/\/gottfried-kirch-edition.de\/wp-content\/uploads\/2019\/03\/00-S.-01-10-Titelei.pdf\" target=\"_blank\"> Titelei, Inhalt, Vorwort<\/a><br> <a rel=\"noreferrer noopener\" aria-label=\"03 S. 121-140 Res\u00fcmee (\u00f6ffnet in neuem Tab)\" href=\"https:\/\/gottfried-kirch-edition.de\/wp-content\/uploads\/2019\/03\/03-S.-121-140-Res\u00fcmee.pdf\" target=\"_blank\">S. 121-140 Res\u00fcmee<\/a><\/p>\n\n\n\n<p><strong><br>\nBand 4<\/strong><\/p>\n\n\n\n<p>Norbert D. Wernicke: Kommentiertes Verzeichnis der Schreibkalender des 16. und<br> 17. Jahrhunderts in Schweizer Bibliotheken<br> ISBN 978-3-941563-16-2<br> Preis 35,00 EUR<br> 102 S., 21 Abb., Hardcover<br> <a rel=\"noreferrer noopener\" aria-label=\" (\u00f6ffnet in neuem Tab)\" href=\"https:\/\/gottfried-kirch-edition.de\/wp-content\/uploads\/2019\/03\/01-06-Titelei.pdf\" target=\"_blank\">Titelei, Inhalt<\/a><br> <a href=\"https:\/\/gottfried-kirch-edition.de\/wp-content\/uploads\/2019\/03\/bsz376279451rez-1.pdf\" target=\"_blank\" rel=\"noreferrer noopener\" aria-label=\" (\u00f6ffnet in neuem Tab)\">Rezension<\/a><\/p>\n\n\n\n<p><strong><br>\nBand 5<\/strong><\/p>\n\n\n\n<p>Klaus-Dieter Herbst (Hrsg.): Astronomie \u2013 Literatur \u2013 Volksaufkl\u00e4rung.<br> Der Schreibkalender der Fr\u00fchen Neuzeit mit seinen Text- und Bildbeigaben<br> ISBN 978-3-941563-17-9<br> Preis 44,80 EUR<br> 500 S., 86 Abb., Hardcover<br> Dieses Buch wurde gemeinsam mit dem Verlag edition lumi\u00e8re Bremen verlegt.<br><a rel=\"noreferrer noopener\" href=\"http:\/\/www.editionlumiere.de\/inh\/herbst-kalender.pdf\" target=\"_blank\">Inhalt<\/a><br><a rel=\"noreferrer noopener\" href=\"http:\/\/www.editionlumiere.de\/vor\/herbst-kalender.pdf\" target=\"_blank\">Vorwort<\/a> <br><\/p>\n\n\n\n<p><strong><br>\nBand 6<\/strong><\/p>\n\n\n\n<p>Thomas Poggel: Schreibkalender und Festkultur in der  Fr\u00fchen Neuzeit. Kultivierung und Wahrnehmung von Zeit am Beispiel des  Kaspar von F\u00fcrstenberg (1545-1618)<br> ISBN 978-3-941563-18-6<br> Preis 40,00 EUR<br> 184 S., 10 Abb., Hardcover<br> <a rel=\"noreferrer noopener\" aria-label=\"Titelei, Vorwort, Inhalt (\u00f6ffnet in neuem Tab)\" href=\"http:\/\/gottfried-kirch-edition.dieunikate.com\/wp-content\/uploads\/2014\/03\/01-10-Titelei-Band-6.pdf\" target=\"_blank\">Titelei, Vorwort, Inhalt<\/a><br> <a href=\"http:\/\/www.sehepunkte.de\/2014\/07\/24329.html\" target=\"_blank\" rel=\"noreferrer noopener\" aria-label=\"Rezension (\u00f6ffnet in neuem Tab)\">Rezension<\/a><\/p>\n\n\n\n<p><strong><br>\nBand 7<\/strong><\/p>\n\n\n\n<p>Robin B. Barnes: Die deutschen Kalenderschreiber im Zeitalter der Konfessionsbildung 1531-1630: Register und Analyse<br> ISBN 978-3-941563-19-3<br> Preis 28,00 EUR<br> 70 S., 20 Abb., Hardcover<br> <a href=\"https:\/\/gottfried-kirch-edition.de\/wp-content\/uploads\/2019\/03\/00-Titelei-Band-7.pdf\" target=\"_blank\" rel=\"noreferrer noopener\" aria-label=\" (\u00f6ffnet in neuem Tab)\">Titelei, Vorwort, Inhalt<\/a><\/p>\n\n\n\n<p><strong><br> Band 8<\/strong><\/p>\n\n\n\n<p>Anja Gro\u00df: Der kompilierte Schreibkalender. Die Kompilationspraxis im Zeit- und Wunder-Calender (1658-1807)<br>ISBN 978-3-941563-20-9<br>Preis 31,00 EUR<br>106 S., 6 Abb., Hardcover<br> <a rel=\"noreferrer noopener\" aria-label=\"Titelei, Vorwort (\u00f6ffnet in neuem Tab)\" href=\"https:\/\/gottfried-kirch-edition.de\/wp-content\/uploads\/2019\/03\/00-Titelei-Vorwort-Band-8.pdf\" target=\"_blank\">Titelei, Vorwort<\/a><\/p>\n\n\n\n<p><\/p>\n\n\n\n<p><br><strong><a href=\"https:\/\/gottfried-kirch-edition.de\/wp-content\/uploads\/2020\/01\/2020-Handbuch.pdf\">Band 9<\/a><\/strong> in 4 Teilen<\/p>\n\n\n\n<p>Klaus-Dieter Herbst: Biobibliographisches Handbuch der Kalendermacher<br>ISBN  978-3-941563-26-1 <br>Preis 300,00 EUR<br>1.916 Seiten, 62 Abb.,  Hardcover, Fadenheftung, Buchdecke Halbleinen und Goldfolienpr\u00e4gung auf Buchr\u00fccken <br>lieferbar ab 8. Mai 2020<\/p>\n\n\n\n<p>Rezensionen:<br>1)&nbsp;<a href=\"https:\/\/zapiskihistoryczne.pl\/files\/issues\/ZH_85-4_08_Rec_Zientara_N.pdf\">Zapiski Historyczne 85 (2020) 4, S. 160-164<\/a>&nbsp;(Wlodzimierz Zientara) [02.02.2021]<br>2) <a href=\"http:\/\/real.mtak.hu\/120538\/\">Magyar K\u00f6nyvszemle \/ Zeitschrift f\u00fcr Buch- und Pressegeschichte in Ungarn 136 (2020) 4, S. 374-377<\/a> (Agnes Dukkon) [26.02.2021]<br>3) Simpliciana XLII (2020), S. 412-416 (Peter He\u00dfelmann) [29.03.2021]<br>4)&nbsp;<a href=\"https:\/\/www.hsozkult.de\/publicationreview\/id\/reb-96094?title=k-d-herbst-biobibliographisches-handbuch-der-kalendermacher&amp;recno=4&amp;q=&amp;sort=&amp;fq=&amp;total=17846\">H-Soz-Kult (G\u00fcnther Oestmann)<\/a>&nbsp;[27.04.2021]<br>5) Journal for the History of Astronomy 52 (2021) 2, S. 240-242 (Wolfgang R. Dick) [31.05.2021]<br>6) Jahrbuch f\u00fcr Kommunikationsgeschichte 23 (2021), S. 164 (Holger B\u00f6ning) [15.10.2021]<br>7) Erd\u00e9lyi M\u00fazeum \/ Siebenb\u00fcrgisches Museum 83 (2021) 3, S. 119-122 (Annam\u00e1ria Bir\u00f3) [19.10.2021] <br>8) Archiv f\u00fcr Geschichte des Buchwesens 76 (2022), S. 185-186 (Mark Lehmstedt) [20.10.2021]<br>9) <a href=\"https:\/\/www.ejournals.eu\/KHNT\/2021\/4-2021\/art\/20683\/\">Kwartalnik Historii Nauki i Techniki (2021) 4, S. 247-256<\/a> (Justyna Roginska) [22.12.2021]<br>10) \u010cesk\u00fd \u010dasopis historick\u00fd 119 (2021) 4, S. 991-994 (Zdenka Bos\u00e1kov\u00e1) [22.12.2021]<br>11) Baltische Studien. Pommersche Jahrb\u00fccher f\u00fcr Landesgeschichte NF Bd. 107 (2021), S. 180-186 (J\u00fcrgen Hamel) [11.04.2022]<br>12) Beitr\u00e4ge zur Astronomiegeschichte, Bd. 15 (2022), S. 481-484 (Wolfgang R. Dick) [24.12.2022]<\/p>\n\n\n\n<p>&#8222;Auf der Grundlage des bereitgestellten neuen Materials gelingt es Herbst h\u00e4ufig, Ergebnisse der \u00e4lteren Kalenderforschung zu revidieren und um neue Einsichten betr\u00e4chtlich zu erweitern sowie Perspektiven f\u00fcr k\u00fcnftige Studien aufzuzeigen. Die von ihm betriebene Grundlagenforschung, die sich in seinem vorz\u00fcglichen Kompendium widerspiegelt, verdient uneingeschr\u00e4nkten Respekt. Das <em>Biobibliographische Handbuch der Kalendermacher<\/em> stellt einen Meilenstein f\u00fcr die Erforschung des Kalenderwesens der Fr\u00fchen Neuzeit dar.&#8220;<br>(Peter He\u00dfelmann: Rezension des Handbuchs in Simpliciana XLII (2020), S. 412-416, hier S. 416.)<\/p>\n\n\n\n<p>&#8222;Mit dem Erscheinen des vierb\u00e4ndigen <em>Handbuchs der Kalendermacher<\/em> erreicht ein fast zwei Jahrzehnte w\u00e4hrendes Arbeitsprojekt seinen (vorl\u00e4ufigen) Abschluss, das zu den herausragenden Leistungen buchwissenschaftlicher Forschungen zur Fr\u00fchen Neuzeit geh\u00f6rt. [&#8230;] Das <em>Handbuch der Kalendermacher <\/em>ist ein Monument konzentrierter wissenschaftlicher Grundlagenarbeit, wie sie heute in den Gefilden der Geisteswissenschaften immer seltener anzutreffen ist.&#8220;<br>(Mark Lehmstedt: Rezension des Handbuchs im Archiv f\u00fcr Geschichte des Buchwesens 76 (2022), S. 185-186.)<\/p>\n\n\n\n<p>Bei Einzelbezug:<\/p>\n\n\n\n<p><strong>Bd. 9.1<\/strong>: Einf\u00fchrung und Verzeichnisse (408 S.) &nbsp;&nbsp;&nbsp;&nbsp;&nbsp;&nbsp;<br>ISBN 978-3-941563-21-6&nbsp;&nbsp;&nbsp;&nbsp;&nbsp;<br>90,00 EUR<\/p>\n\n\n\n<p><strong>Bd. 9.2<\/strong>: Kalendermacher Achalm \u2013 Heldvader (502 S.) &nbsp;&nbsp;&nbsp;&nbsp;&nbsp;<br>ISBN 978-3-941563-22-3&nbsp;&nbsp;&nbsp;&nbsp;&nbsp;<br>90,00 EUR<\/p>\n\n\n\n<p><strong>Bd. 9.3<\/strong>: Kalendermacher Heller \u2013 Reinstein (502 S.) &nbsp;&nbsp;&nbsp;&nbsp;&nbsp;&nbsp;<br>ISBN 978-3-941563-23-0&nbsp;&nbsp;&nbsp;&nbsp;&nbsp;<br>90,00 EUR<\/p>\n\n\n\n<p><strong>Bd. 9.4<\/strong>: Kalendermacher Reisacher \u2013 Zorawsky (504 S.)<br>ISBN 978-3-941563-24-7&nbsp;<br>90,00 EUR<\/p>\n\n\n\n<p><\/p>\n\n\n\n<p><br><strong>Band 10<\/strong><br><img loading=\"lazy\" decoding=\"async\" width=\"150\" height=\"175\" class=\"wp-image-452\" style=\"width: 150px;\" src=\"https:\/\/gottfried-kirch-edition.de\/wp-content\/uploads\/2022\/12\/Acta-Band-10-Kirch-.jpg\" alt=\"\" srcset=\"https:\/\/gottfried-kirch-edition.de\/wp-content\/uploads\/2022\/12\/Acta-Band-10-Kirch-.jpg 2074w, https:\/\/gottfried-kirch-edition.de\/wp-content\/uploads\/2022\/12\/Acta-Band-10-Kirch--257x300.jpg 257w, https:\/\/gottfried-kirch-edition.de\/wp-content\/uploads\/2022\/12\/Acta-Band-10-Kirch--700x816.jpg 700w, https:\/\/gottfried-kirch-edition.de\/wp-content\/uploads\/2022\/12\/Acta-Band-10-Kirch--768x896.jpg 768w, https:\/\/gottfried-kirch-edition.de\/wp-content\/uploads\/2022\/12\/Acta-Band-10-Kirch--1317x1536.jpg 1317w, https:\/\/gottfried-kirch-edition.de\/wp-content\/uploads\/2022\/12\/Acta-Band-10-Kirch--1756x2048.jpg 1756w, https:\/\/gottfried-kirch-edition.de\/wp-content\/uploads\/2022\/12\/Acta-Band-10-Kirch--800x933.jpg 800w\" sizes=\"auto, (max-width: 150px) 100vw, 150px\" \/><\/p>\n\n\n\n<p>Klaus-Dieter Herbst: Gottfried Kirch (1639\u20131710) \u2013 Astronom, Kalendermacher, Pietist, Fr\u00fchaufkl\u00e4rer<br>ISBN 978-3-941563-27-8 <br>Preis 75,00 EUR<br>734 Seiten, 2 Falttafeln, 75 Abb., Hardcover, Fadenheftung, Buchdecke Halbleinen und Goldfolienpr\u00e4gung auf Buchr\u00fccken <br><a href=\"https:\/\/gottfried-kirch-edition.de\/wp-content\/uploads\/2022\/03\/001-Gottfried-Kirch-Titelei-fuer-Internet.pdf\">Titelei, Inhalt, Vorwort<\/a><br>lieferbar ab 20. Juli 2022<br>Rezensionen:<br>1) <a href=\"https:\/\/www.hsozkult.de\/publicationreview\/id\/reb-129702\">H\/SOZ\/KULT<\/a> (Holger B\u00f6ning) [8.12.2022]<br>2) Beitr\u00e4ge zur Astronomiegeschichte, Bd. 15 (2022), S. 502\u2013503 (Eberhard Knobloch) [24.12.2022]<br>3) <a href=\"https:\/\/gottfried-kirch-edition.de\/wp-content\/uploads\/2023\/06\/JHA54-2023-Gaab.pdf\">Journal for the History of Astronomy 54 (2023) 2, S. 245\u2013246<\/a> (Hans Gaab) [8.6.2023]<br>4) Scientia Poetica 28 (2024), S. 329\u2013340 (Barbara Mahlmann-Bauer) [23.5.2025]<\/p>\n\n\n\n<p><\/p>\n\n\n\n<p><\/p>\n","protected":false},"excerpt":{"rendered":"<p>In der Schriftenreihe \u201cActa Calendariographica \u2013 Forschungsberichte\u201d sind bisher Arbeiten zu folgenden Themen in der Erforschung der Schreibkalender erschienen. Zuletzt ge\u00e4ndert am 23.5.2025 Band 1 Klaus-Dieter Herbst: Verzeichnis der Schreibkalender des 17. Jahrhunderts ISBN 978-3-941563-13-1&nbsp;(vergriffen) Preis 35,00 EUR 250 S., Hardcover Band 2 Klaus-Dieter Herbst: Die Schreibkalender im Kontext der Fr\u00fchaufkl\u00e4rung ISBN 978-3-941563-14-8&nbsp;(vergriffen) Preis 45,00&#8230;<\/p>\n","protected":false},"author":2,"featured_media":0,"parent":0,"menu_order":0,"comment_status":"closed","ping_status":"closed","template":"","meta":{"footnotes":""},"class_list":["post-88","page","type-page","status-publish","hentry"],"_links":{"self":[{"href":"https:\/\/gottfried-kirch-edition.de\/index.php?rest_route=\/wp\/v2\/pages\/88","targetHints":{"allow":["GET"]}}],"collection":[{"href":"https:\/\/gottfried-kirch-edition.de\/index.php?rest_route=\/wp\/v2\/pages"}],"about":[{"href":"https:\/\/gottfried-kirch-edition.de\/index.php?rest_route=\/wp\/v2\/types\/page"}],"author":[{"embeddable":true,"href":"https:\/\/gottfried-kirch-edition.de\/index.php?rest_route=\/wp\/v2\/users\/2"}],"replies":[{"embeddable":true,"href":"https:\/\/gottfried-kirch-edition.de\/index.php?rest_route=%2Fwp%2Fv2%2Fcomments&post=88"}],"version-history":[{"count":76,"href":"https:\/\/gottfried-kirch-edition.de\/index.php?rest_route=\/wp\/v2\/pages\/88\/revisions"}],"predecessor-version":[{"id":545,"href":"https:\/\/gottfried-kirch-edition.de\/index.php?rest_route=\/wp\/v2\/pages\/88\/revisions\/545"}],"wp:attachment":[{"href":"https:\/\/gottfried-kirch-edition.de\/index.php?rest_route=%2Fwp%2Fv2%2Fmedia&parent=88"}],"curies":[{"name":"wp","href":"https:\/\/api.w.org\/{rel}","templated":true}]}}