{"id":71,"date":"2019-03-06T16:43:18","date_gmt":"2019-03-06T16:43:18","guid":{"rendered":"http:\/\/wp.gottfried-kirch-edition.de\/?page_id=71"},"modified":"2019-03-06T16:43:18","modified_gmt":"2019-03-06T16:43:18","slug":"briefpartner","status":"publish","type":"page","link":"https:\/\/gottfried-kirch-edition.de\/?page_id=71","title":{"rendered":"Briefpartner"},"content":{"rendered":"\n<h4 class=\"wp-block-heading\" style=\"text-align:center\">Verzeichnis der Briefpartner von Gottfried Kirch<\/h4>\n\n\n\n<p>Angegeben werden die Briefpartner und die zugeh\u00f6rigen Briefnummern. Von Gottfried Kirch verfa\u00dfte Schreiben sind<strong>&nbsp;fett<\/strong>\n gedruckt. Die nicht \u00fcberlieferten und nur indirekt erschlossenen Briefe\n sind mit einem Stern nach der Briefnummer gekennzeichnet (z. B. 54*). \nEin hochgestellter Kreis (z. B. 46\u00b0) kennzeichnet die Briefe, auf die \naus einer \u00fcberlieferten Notiz, in der Regel von Kirch verfa\u00dft, \ngeschlossen wurde.<\/p>\n\n\n\n<p>N. N. (1) \u2026..&nbsp;<strong>54<\/strong>*<br>\nN. N. (2) \u2026..&nbsp;<strong>99<\/strong>, 100<br>\nN. N. (3) [?] \u2026.. 172<br>\nN. N. (4) \u2026.. 406*,&nbsp;<strong>407<\/strong><br>\nN. N. (5) \u2026..&nbsp;<strong>452<\/strong><br>\nN. N. (6) \u2026.. 490<br>\nN. N. (7) \u2026.. 492*<br>\nN. N. (8) \u2026.. 620*<br>\nN. N. (9) \u2026.. 632*<br>\nN. N. (10) \u2026.. 635*,&nbsp;<strong>636<\/strong><br>\nN. N. (11) \u2026..&nbsp;<strong>648<\/strong>*, 649*,&nbsp;<strong>650<\/strong><br>\nN. N. (12) \u2026.. 699*<br>\nN. N. (13) \u2026..&nbsp;<strong>729<\/strong>*,&nbsp;<strong>732<\/strong>*<br>\nN. N. (14) \u2026..&nbsp;<strong>776<\/strong>*<br>\nN. N. (15) \u2026..<strong>&nbsp;777<\/strong>*,&nbsp;<strong>787<\/strong>*<br>\nN. N. (16) \u2026.. 846\u00b0,&nbsp;<strong>847<\/strong>\u00b0<br>\nN. N. (17) \u2026.. 854*<br>\nAndreas ALBINI \u2026..&nbsp;<strong>147<\/strong>*, 156, 258, 264, 265<br>\nHerzog ALBRECHT von Sachsen-Coburg \u2026..<strong>&nbsp;81<\/strong>,&nbsp;<strong>112<\/strong>,&nbsp;<strong>187<\/strong><br>\nChristian Leopold ALBRECHT \u2026.. 181,&nbsp;<strong>184<\/strong>, 203,<strong>&nbsp;209<\/strong>, 213,&nbsp;<strong>218<\/strong>, 223*,&nbsp;<strong>224<\/strong>,&nbsp;<strong>228<\/strong><br>\nMaria ALBRECHT \u2026..&nbsp;<strong>363<\/strong>*,&nbsp;<strong>478<\/strong>*, 706*<br>\nChristoph ARNOLD \u2026.. 447, 534, 553<br>\nValentin BAUER \u2026.. 10*<br>\nLucas BESELIN \u2026.. 439*, 440, 457, 714<br>\nJohann Michael BODINUS \u2026.. 76<br>\nTobias BEUTEL sen. \u2026..<strong>&nbsp;72<\/strong>*, 73, 262<br>\nSebald BRAUN \u2026..&nbsp;<strong>464<\/strong>, 465<br>\n\u0093BR\u00dcDER\u0094 in Schkeuditz \u2026..&nbsp;<strong>470<\/strong><br>\nCaspar B\u00dcSSING \u2026.. 418, 419<br>\nJohann CAESAR \u2026..&nbsp;<strong>26<\/strong>*, 27*, 31,&nbsp;<strong>34<\/strong>*, 35, 119,&nbsp;<strong>125<\/strong>, 132,&nbsp;<strong>133<\/strong>,&nbsp;<strong>202<\/strong><br>\nJean-Dominique CASSINI \u2026.. 225*,&nbsp;<strong>247<\/strong><br>\nJohann Jacob CHUNO \u2026..&nbsp;<strong>544<\/strong>*, 546,<strong>&nbsp;549<\/strong>*, 550, 551,&nbsp;<strong>561<\/strong>*, 562,&nbsp;<strong>563<\/strong>*, 564, 569,<strong>&nbsp;571<\/strong>*, 573,&nbsp;<strong>580<\/strong>*, 581,&nbsp;<strong>584<\/strong>*, 598, <strong>599<\/strong>*, 602,&nbsp;<strong>630<\/strong>*,&nbsp;<strong>717<\/strong>*, 719,&nbsp;<strong>720<\/strong>*, 722, 727, 731, 756, 870,&nbsp;<strong>871<\/strong><br>\nChristoph COLB \u2026.. 281,&nbsp;<strong>282<\/strong>, 290*,<strong>&nbsp;293<\/strong>,<strong>&nbsp;294<\/strong>, 300*, 301*,&nbsp;<strong>302<\/strong>*,&nbsp;<strong>303<\/strong>, 347*,&nbsp;<strong>348<\/strong>*, 349,&nbsp;<strong>357<\/strong>, 362,&nbsp;<strong>365<\/strong>,&nbsp;<strong>366<\/strong>, 378*, 381*,&nbsp;<strong>383<\/strong>*<br>\nDaniel CR\u00dcGER \u2026.. 681<br>\nAnton DANGERFELD \u2026.. 467<br>\nJohann Sigmund DOPPELMAYR \u2026.. 148,&nbsp;<strong>191<\/strong>,&nbsp;<strong>207<\/strong>, 210,&nbsp;<strong>220<\/strong>, 221, 283<br>\nAnna Maria DORAU \u2026..&nbsp;<strong>662<\/strong>*<br>\nGeorg Samuel D\u00d6RFFEL \u2026.. 124,&nbsp;<strong>128<\/strong>, 130,<strong>&nbsp;136<\/strong>,&nbsp;<strong>145<\/strong>, 146, 151,&nbsp;<strong>159<\/strong>, 162,&nbsp;<strong>164<\/strong>, 171, 188,&nbsp;<strong>195<\/strong>, 196, 214*, 215,&nbsp;<strong>219<\/strong>, 226,&nbsp;<strong>227<\/strong>, 233, 235,&nbsp;<strong>239<\/strong>, 250,&nbsp;<strong>254<\/strong>, 263,&nbsp;<strong>275<\/strong>, 278,&nbsp;<strong>289<\/strong>, 291<br>\nGeorg Christoph EIMMART \u2026.. 317,<strong>&nbsp;320<\/strong>, 326,&nbsp;<strong>336<\/strong>, 344, 354,&nbsp;<strong>370<\/strong>, 379,&nbsp;<strong>384<\/strong>,&nbsp;<strong>393<\/strong>*, 394, 402,&nbsp;<strong>404<\/strong>, 423, 458,&nbsp;<strong>461<\/strong>, 499,&nbsp;<strong>500<\/strong><br>\nGeorg Andreas [?] ENDTER \u2026..&nbsp;<strong>206<\/strong>*<br>\nWolfgang Moritz und Georg Andreas ENDTER \u2026..&nbsp;<strong>626<\/strong>*,&nbsp;<strong>643<\/strong>,&nbsp;<strong>669<\/strong>*, 673*, 687*,&nbsp;<strong>691<\/strong>,&nbsp;694, 703*, 704*,&nbsp;<strong>741<\/strong>*, 743*, <strong>749<\/strong>*, 772*,&nbsp;<strong>804\u00b0<\/strong>,&nbsp;<strong>807<\/strong>*, 809*,&nbsp;<strong>826<\/strong>*, 828*,<strong>&nbsp;864<\/strong>*<br>\nJohann Nicolaus ERNST \u2026..&nbsp;<strong>735<\/strong>*<br>\nJohann Matthias FABER \u2026.. 311<br>\nJoachim FELLER [?] \u2026.. 79*<br>\nJohn FLAMSTEED \u2026..&nbsp;<strong>307<\/strong>,&nbsp;<strong>308<\/strong>, 324,&nbsp;<strong>335<\/strong>, 367,&nbsp;<strong>397<\/strong>, 399,&nbsp;<strong>410<\/strong>*, 411,&nbsp;<strong>468<\/strong>, 489,&nbsp;<strong>491<\/strong>,<strong>&nbsp;537<\/strong><br>\nNikolaus F\u00d6RSTER \u2026.. 723*,&nbsp;<strong>724<\/strong>*, 726,&nbsp;<strong>728<\/strong>*,&nbsp;<strong>739<\/strong>\u00b0<br>\nErasmus FRANCISCI \u2026..&nbsp;<strong>38<\/strong>*, 39<br>\nAugust Hermann FRANCKE \u2026..&nbsp;<strong>469<\/strong>*, 477*,&nbsp;<strong>502<\/strong><br>\nJohannes GAUPP \u2026.. 533<br>\nBalthasar GEIS [?] \u2026.. 175<br>\nWilhelm Eberhard GEORGI \u2026.. 810<br>\nJacob GERDESIUS \u2026.. 519<br>\nMelchior GRIESSER \u2026..&nbsp;<strong>508<\/strong>*<br>\nJohann Gerhard GR\u00dcLING \u2026.. 451*, 509*, 513, 520<br>\nChristian GR\u00dcNEBERG \u2026..&nbsp;<strong>22<\/strong>*, 23<br>\nGottfried G\u00dcTNER \u2026.. 284,&nbsp;<strong>285<\/strong>, 286,&nbsp;<strong>316<\/strong>, 321<br>\nMartin HALLERVORD sen. [?] \u2026..&nbsp;<strong>176<\/strong>*<br>\nEdmond HALLEY \u2026..&nbsp;<strong>55<\/strong>, 83*<br>\nGeorg Albrecht HAMBERGER \u2026.. 603*,&nbsp;<strong>611<\/strong>*, 715, 716<br>\nConstantin Gabriel HECKER \u2026.. 842, 859,<strong>&nbsp;872<\/strong>\u00b0&nbsp;<br>\nMartin HEIDENREICH \u2026.. 85,&nbsp;<strong>87<\/strong>, 97, 103,<strong>&nbsp;105<\/strong>*, 107, 185, 193, 212, 279<br>\nChristian HENZSCHEL \u2026.. 511<br>\nChristian Gottlieb HERTEL \u2026.. 861<br>\nJohannes HEVELIUS \u2026..&nbsp;<strong>5<\/strong>*,&nbsp;<strong>41<\/strong>,&nbsp;<strong>45<\/strong>,&nbsp;<strong>47<\/strong>,&nbsp;<strong>52<\/strong>, 53,&nbsp;<strong>66<\/strong>,&nbsp;<strong>82<\/strong>, 98,&nbsp;<strong>101<\/strong>,&nbsp;<strong>114<\/strong>,&nbsp;<strong>117<\/strong>,&nbsp;<strong>135<\/strong>, 139,&nbsp;<strong>143<\/strong>,&nbsp;<strong>155<\/strong>, <strong>160<\/strong>, 165,<strong>&nbsp;170<\/strong>\u00b0,&nbsp;<strong>186<\/strong>,&nbsp;<strong>216<\/strong>,&nbsp;<strong>222<\/strong>,&nbsp;<strong>236<\/strong>, 242,&nbsp;<strong>253<\/strong>,&nbsp;<strong>256<\/strong>,&nbsp;<strong>266<\/strong>,&nbsp;<strong>267<\/strong>,&nbsp;<strong>276<\/strong><br>\nJohann Heinrich HOFFMANN \u2026.. 604, 764, 785, 789, 791, 795, 798, 812, 813, 815, 816<br>\nJacob HONOLD sen. \u2026.. 376,&nbsp;<strong>385<\/strong>, 386,&nbsp;<strong>387<\/strong>, 388, 389,&nbsp;<strong>392<\/strong>, 398,&nbsp;<strong>405<\/strong>, 414, 421, 455<br>\nJacob HONOLD jun. [?] \u2026..&nbsp;<strong>605<\/strong>*, 616*<br>\nMatthaeus HONOLD \u2026.. 360,&nbsp;<strong>361<\/strong>, 375<br>\nBatholom\u00e4us HORN \u2026.. 395, 396,&nbsp;<strong>412<\/strong>, 417,&nbsp;<strong>437<\/strong>, 521*,&nbsp;<strong>522<\/strong>*, 528<br>\nChristian Wilhelm HUHN \u2026.. 453*<br>\nJohann Abraham IHLE \u2026..&nbsp;<strong>75<\/strong>,&nbsp;<strong>78<\/strong>, 80, 84,&nbsp;<strong>535<\/strong>*, 536,&nbsp;<strong>538<\/strong>*, 566,&nbsp;<strong>567<\/strong>*, 568, 577, 585\u00b0,&nbsp;<strong>587<\/strong>*, 594, 596*, 607*, 615*, 619*, 621, 629,&nbsp;<strong>637<\/strong>*, 640, 651*,&nbsp;<strong>652<\/strong>,&nbsp;<strong>653<\/strong>, 654*,&nbsp;<strong>684<\/strong>,&nbsp;<strong>692<\/strong>,&nbsp;<strong>709<\/strong>,&nbsp;<strong>730<\/strong>*, 733,&nbsp;<strong>734<\/strong>*,&nbsp;<strong>738<\/strong>*, 740,&nbsp;<strong>744<\/strong>*, 745, 748, 760*, 761,&nbsp;<strong>762<\/strong>*, 765, 766,&nbsp;<strong>769<\/strong>, 771,&nbsp;<strong>774<\/strong>\u00b0, 778,<strong>&nbsp;779<\/strong>*, 780, 781,&nbsp;<strong>782<\/strong>*, 783,&nbsp;<strong>788<\/strong>*,&nbsp;<strong>790<\/strong>\u00b0, 792, 794<br>\nJohann Theodor JABLONSKI \u2026.. 856*<br>\nJohann Christoph JACOB \u2026..&nbsp;<strong>269<\/strong>*<br>\nUlrich JUNIUS \u2026.. 578,<strong>&nbsp;579<\/strong>, 583, 586, 588, 589, 593, 595, 606, 608,&nbsp;<strong>609<\/strong>,&nbsp;<strong>610<\/strong>*, 618,&nbsp;<strong>622<\/strong>*, 627,&nbsp;<strong>628<\/strong>, 633*,&nbsp;<strong>634<\/strong>, 638\u00b0,&nbsp;<strong>639<\/strong>,&nbsp;<strong>641<\/strong>, 646,&nbsp;<strong>655<\/strong>*,<strong> 656<\/strong>*, 657, 659,&nbsp;<strong>660<\/strong>*, 661,<strong>&nbsp;663<\/strong>*, 664, 665, 666, 667, 668,&nbsp;<strong>671<\/strong>*,&nbsp;<strong>672<\/strong>*, 674, 675, <strong>677<\/strong>, 678,&nbsp;<strong>679<\/strong>*,&nbsp;<strong>680<\/strong>*, 682,&nbsp;<strong>683<\/strong>, 685, 686, 688,&nbsp;<strong>689<\/strong>, 690,&nbsp;<strong>693<\/strong>,&nbsp;<strong>695<\/strong>*, 696, 700,&nbsp;<strong>702<\/strong>, 705,&nbsp;<strong>708<\/strong>, 710, 711, 712, 713\u00b0<br>\nJohannes KEIMEL \u2026.. 56, 140<br>\nGottlieb KIRCH \u2026..&nbsp;<strong>426<\/strong>,&nbsp;<strong>427<\/strong>*, 428*, 429*, 431, 432,&nbsp;<strong>435<\/strong>*, 466, 471,&nbsp;<strong>472<\/strong>, 473*, 474*,&nbsp;<strong>475<\/strong>,&nbsp;<strong>479<\/strong>,<strong>&nbsp;483<\/strong>, 527, 532, <strong>554<\/strong>*, 555, 556*,&nbsp;<strong>558<\/strong>*, 559, 560<br>\nHeilmann KIRCH \u2026.. <strong>572<\/strong>*<br>\nJohann Elias KIRCH \u2026.. 30<br>\nMaria KIRCH \u2026..&nbsp;<strong>3<\/strong>*, 4*,&nbsp;<strong>7<\/strong>, 8*, 9*,&nbsp;<strong>14<\/strong>, 86*<br>\nMaria Margaretha KIRCH \u2026.. 617*<br>\nAdam Adamandus KOCHANSKI \u2026.. 93,&nbsp;<strong>109<\/strong>, 113, 138, 166,&nbsp;<strong>169<\/strong>\u00b0, 174,&nbsp;<strong>204<\/strong>*, 205, 237,&nbsp;<strong>252<\/strong>*, 259, 400,&nbsp;<strong>424<\/strong>*, 425, 430,&nbsp;<strong>434<\/strong>*, 436,&nbsp;<strong>443<\/strong>, 444, 445,&nbsp;<strong>454<\/strong>, 456,&nbsp;<strong>463<\/strong>, 501,&nbsp;<strong>503<\/strong>, 504, 514, 516,&nbsp;<strong>543<\/strong>, 545,&nbsp;<strong>547<\/strong>, 552<br>\nJohann K\u00d6HLER \u2026.. 592*,&nbsp;<strong>613<\/strong>*,&nbsp;<strong>614<\/strong>*<br>\nMagdalena K\u00d6HLER \u2026..<strong>&nbsp;658<\/strong>*<br>\nGeorg KR\u00dcGER \u2026.. 25,&nbsp;<strong>40<\/strong>*, 42,&nbsp;<strong>46<\/strong>\u00b0, 292<br>\nOthmar KUNTH \u2026.. 644<br>\nChristoph LANGE [?] \u2026..&nbsp;<strong>199<\/strong>*,&nbsp;<strong>200<\/strong>*,&nbsp;<strong>364<\/strong>*,&nbsp;<strong>382<\/strong>*<br>\nJohann Christian LANGE \u2026.. 476*<br>\nHieronymus Ambrosius LANGENMANTEL \u2026.. 322,&nbsp;<strong>339<\/strong>*, 340<br>\nGottfried Wilhelm LEIBNIZ \u2026..&nbsp;<strong>754<\/strong>, 775, 796,&nbsp;<strong>797<\/strong>, 799,&nbsp;<strong>802<\/strong>*, 803,&nbsp;<strong>814<\/strong>, 817*,&nbsp;<strong>818<\/strong>, 819,&nbsp;<strong>820<\/strong>, 821,&nbsp;<strong>822<\/strong>,<strong>&nbsp;851<\/strong>, 866, <strong>867<\/strong>, 868, 869,&nbsp;<strong>873<\/strong>, 875,&nbsp;<strong>876<\/strong>, 879*,&nbsp;<strong>881<\/strong>, 885,&nbsp;<strong>891<\/strong><br>\nJohann&nbsp;Valentin LIEBE \u2026.. 525, 526<br>\nHeinrich LOCHER zum Meyen \u2026.. 512,&nbsp;<strong>517<\/strong>*, 518,&nbsp;<strong>523<\/strong>*, 529<br>\nChristian MANNSKLAPP \u2026..&nbsp;<strong>11<\/strong>*, 13*<br>\nJohann Georg MARGGRAF \u2026.. 305,&nbsp;<strong>306<\/strong>, 314<br>\nMartin MEINICH \u2026.. 767*<br>\nPhilipp MICHAELIS \u2026.. 806<br>\n[Vorname?] M\u00d6LLER \u2026..&nbsp;<strong>707<\/strong>*<br>\nAndreas M\u00dcLLER \u2026.. 217, 241, 488<br>\nDavid NICOLAI [?]&nbsp; \u2026..<strong>&nbsp;12<\/strong>*<br>\nPhilipp Jakob Freiherr von OCHSENSTEIN \u2026.. 403*,&nbsp;<strong>409<\/strong><br>\nJohannes P\u00c4HR \u2026.. 74<br>\nTheodor PYL \u2026.. 725<br>\nJohann Gebhard RABENER \u2026..&nbsp;<strong>309<\/strong>*, 310, 346*, 557, 570, 582, 597*,&nbsp;<strong>600<\/strong>*, 601*,&nbsp;<strong>623<\/strong>*, 624,&nbsp;<strong>631<\/strong>, 718, 721, 736<br>\nAdam RACZIN \u2026.. 449<br>\nSamuel REYHER \u2026.. 697, 747,&nbsp;<strong>751<\/strong>, 752, 755,&nbsp;<strong>757<\/strong>*, 758, 759<br>\nChristoph RICHTER \u2026.. 2,&nbsp;<strong>15<\/strong>*, 16,&nbsp;<strong>19<\/strong>*, 20,&nbsp;<strong>21<\/strong>*, 24,&nbsp;<strong>32<\/strong>*, 33,&nbsp;<strong>36<\/strong>*, 37,&nbsp;<strong>43<\/strong>*, 44,&nbsp;<strong>48<\/strong>*, 49,&nbsp;<strong>50<\/strong>*, 51, 57,&nbsp;<strong>58<\/strong>*, 59,&nbsp;<strong>60<\/strong>*, 61,&nbsp;<strong>62<\/strong>*, 63, 64,<strong>&nbsp;67<\/strong>*, 68,&nbsp;<strong>69<\/strong>*,&nbsp;<strong>70<\/strong>*, 71<br>\nChristoph RICHTERs Erben [?] \u2026..&nbsp;<strong>676<\/strong>*<br>\nJohann Gottfried RICHTER \u2026..&nbsp;<strong>612<\/strong>*,&nbsp;<strong>625<\/strong>*<br>\nPaul RITTER \u2026.. 363<br>\nM. ROHR \u2026.. 251<br>\nOlaus R\u00d6MER \u2026.. 793,<strong>&nbsp;800<\/strong><br>\nJacob R\u00d6SSER \u2026.. 390,&nbsp;<strong>391<\/strong>, 541*, 542<br>\nJohann SCH\u00c4DEL \u2026.. 524<br>\nGeorg SCHMIDT \u2026..&nbsp;<strong>28<\/strong>*, 29, 268,&nbsp;<strong>645<\/strong>*<br>\nNicolaus SCHMIDT \u2026.. 1<br>\nGottfried SCHULTZ \u2026.. 88,&nbsp;<strong>89<\/strong>*, 90,&nbsp;<strong>91<\/strong>*, 92,&nbsp;<strong>94<\/strong>\u00b0, 95,&nbsp;<strong>96<\/strong>\u00b0,&nbsp;<strong>102<\/strong>*, 104, 106, 108,&nbsp;<strong>110<\/strong>*, 111, 115, 116,&nbsp;<strong>120<\/strong>*, 129, <strong>131<\/strong>*, 134,&nbsp;<strong>137<\/strong>*, 141,&nbsp;<strong>142<\/strong>*, 149,&nbsp;<strong>154<\/strong>*, 161,&nbsp;<strong>163<\/strong>*, 180, 183*,&nbsp;<strong>189<\/strong>*,&nbsp;<strong>190<\/strong>, 194,&nbsp;<strong>243<\/strong>*,&nbsp;<strong>244<\/strong>*, 245,&nbsp;<strong>255<\/strong>*, 257, <strong>270<\/strong>*, 271,&nbsp;<strong>272<\/strong>*,&nbsp;<strong>273<\/strong>*,&nbsp;<strong>274<\/strong>*, 277, 280,&nbsp;<strong>287<\/strong>*, 288*,&nbsp;<strong>295<\/strong>*, 296,&nbsp;<strong>297<\/strong>*, 298,<strong>&nbsp;299<\/strong>*, 304, 318,&nbsp;<strong>323<\/strong>*, 325,&nbsp;<strong>328<\/strong>*, 329,&nbsp;<strong>332<\/strong>*, 333,&nbsp;<strong>337<\/strong>*, 338, 345, 350*,&nbsp;<strong>351<\/strong>*, 352,<strong>&nbsp;355<\/strong>*, 358,&nbsp;<strong>368<\/strong>*, 371, 372, 377, 401, 433, 438, 450, 487, 494<br>\nMichael SCHUMANN \u2026.. 698<br>\nHeinrich SIVERS \u2026.. 422,&nbsp;<strong>442<\/strong><br>\nJohann Jacob SPENER \u2026.. 480,&nbsp;<strong>481<\/strong>*, 482*<br>\nJohann Sebastian STEDLER \u2026.. 874<br>\nJohann Christian STOLBERG \u2026..&nbsp;<strong>118<\/strong>*<br>\nJohann Christoph STURM \u2026..&nbsp;<strong>17<\/strong>*, 18,&nbsp;<strong>510<\/strong>, 515,<strong>&nbsp;539<\/strong>, 540<br>\nLeonhard Christoph STURM \u2026.. 823,&nbsp;<strong>824<\/strong>, 825, 830,&nbsp;<strong>831<\/strong>\u00b0,&nbsp;<strong>832<\/strong>\u00b0, 837,&nbsp;<strong>838<\/strong>\u00b0, 839, 841, 843,&nbsp;<strong>845<\/strong>, 850, 853,&nbsp;<strong>860<\/strong>*, 863, <strong>877<\/strong>*, 878, 882,&nbsp;<strong>883<\/strong>*, 884, 886,&nbsp;<strong>887<\/strong>*, 888<br>\nGottfried TEUBER \u2026.. 122,&nbsp;<strong>123<\/strong>*, 126, 312,&nbsp;<strong>319<\/strong>,<strong>&nbsp;331<\/strong>, 341*, 342*,&nbsp;<strong>343<\/strong>,&nbsp;<strong>356<\/strong>, 359<br>\nJustinus T\u00d6LLNER \u2026..&nbsp;<strong>530<\/strong>*, 531, 574*, 575*, 576<br>\nChristian THRYLLITZSCH \u2026.. <strong>701<\/strong>*<br>\nEhrenfried Walther von TSCHIRNHAUS \u2026.. 167,&nbsp;<strong>178<\/strong>*, 179,&nbsp;<strong>192<\/strong>, 197,&nbsp;<strong>231<\/strong>*, 232, 313, 330,&nbsp;<strong>855<\/strong>,&nbsp;<strong>858<\/strong><br>\nJohann Heinrich VOIGT \u2026..<strong>&nbsp;65<\/strong>*<br>\nJohannes VULPIUS \u2026.. 484*, 485*,&nbsp;<strong>486<\/strong>*, 495,&nbsp;<strong>496<\/strong>*, 497, 507<br>\nGeorg Heinrich WALTHER \u2026..&nbsp;<strong>737<\/strong>*<br>\nMatthias WASMUTH \u2026..&nbsp;<strong>327<\/strong>*, 334<br>\nErhard WEIGEL \u2026.. 77,<strong>&nbsp;121<\/strong>*, 127,&nbsp;<strong>152<\/strong>*, 153, 315*, 373, 415*, 416, 498, 590*<br>\nJohann Georg WELLNER \u2026..&nbsp;<strong>144<\/strong><br>\nSabina [?] WIRTH \u2026..&nbsp;<strong>6<\/strong>*<br>\nHans Christian von WOLFFSBURG \u2026.. 746, 831,<strong>&nbsp;846<\/strong><br>\nJohann W\u00d6LFFING \u2026.. 150,&nbsp;<strong>157<\/strong>*, 158, 173, 182, 208, 211,&nbsp;<strong>229<\/strong>*, 230, 234,&nbsp;<strong>240<\/strong>*, 246, 249,<strong>&nbsp;260<\/strong>*, 261<br>\nGeorg WOSEGIN \u2026.. 168,&nbsp;<strong>177<\/strong>,&nbsp;<strong>198<\/strong>,&nbsp;<strong>201<\/strong>,&nbsp;<strong>238<\/strong><br>\nJohann Philipp WURZELBAUR \u2026.. 380*, 408, 413, 446,&nbsp;<strong>448<\/strong>, 459,&nbsp;<strong>462<\/strong>,&nbsp;<strong>493<\/strong>, 548, 565, 591,&nbsp;<strong>642<\/strong>*, 647, 670, 742, 750, 753, 763*,&nbsp;<strong>770<\/strong>*, 773,&nbsp;<strong>784<\/strong>*, 786, 801,&nbsp;<strong>805<\/strong>\u00b0,&nbsp;<strong>808<\/strong>,&nbsp;810,<strong>&nbsp;827<\/strong>, 829, 834*,&nbsp;<strong>835<\/strong>*, 836,&nbsp;<strong>840<\/strong>*,&nbsp;<strong>844<\/strong>, 849,<strong>&nbsp;852<\/strong>\u00b0,<strong>&nbsp;857<\/strong>, 862,&nbsp;<strong>865<\/strong>*,&nbsp;<strong>880<\/strong>*, 889, 890,&nbsp;<strong>892<\/strong>, 893,&nbsp;<strong>894<\/strong>*, 895<br>\nJohann Jacob ZIMMERMANN \u2026.. 420, 441,<strong>&nbsp;460<\/strong>, 505, 506<br>\nLothar ZUMBACH von Koesfeld \u2026.. 353, 374<\/p>\n","protected":false},"excerpt":{"rendered":"<p>Verzeichnis der Briefpartner von Gottfried Kirch Angegeben werden die Briefpartner und die zugeh\u00f6rigen Briefnummern. Von Gottfried Kirch verfa\u00dfte Schreiben sind&nbsp;fett gedruckt. Die nicht \u00fcberlieferten und nur indirekt erschlossenen Briefe sind mit einem Stern nach der Briefnummer gekennzeichnet (z. B. 54*). Ein hochgestellter Kreis (z. B. 46\u00b0) kennzeichnet die Briefe, auf die aus einer \u00fcberlieferten Notiz,&#8230;<\/p>\n","protected":false},"author":2,"featured_media":0,"parent":0,"menu_order":0,"comment_status":"closed","ping_status":"closed","template":"","meta":{"footnotes":""},"class_list":["post-71","page","type-page","status-publish","hentry"],"_links":{"self":[{"href":"https:\/\/gottfried-kirch-edition.de\/index.php?rest_route=\/wp\/v2\/pages\/71","targetHints":{"allow":["GET"]}}],"collection":[{"href":"https:\/\/gottfried-kirch-edition.de\/index.php?rest_route=\/wp\/v2\/pages"}],"about":[{"href":"https:\/\/gottfried-kirch-edition.de\/index.php?rest_route=\/wp\/v2\/types\/page"}],"author":[{"embeddable":true,"href":"https:\/\/gottfried-kirch-edition.de\/index.php?rest_route=\/wp\/v2\/users\/2"}],"replies":[{"embeddable":true,"href":"https:\/\/gottfried-kirch-edition.de\/index.php?rest_route=%2Fwp%2Fv2%2Fcomments&post=71"}],"version-history":[{"count":1,"href":"https:\/\/gottfried-kirch-edition.de\/index.php?rest_route=\/wp\/v2\/pages\/71\/revisions"}],"predecessor-version":[{"id":72,"href":"https:\/\/gottfried-kirch-edition.de\/index.php?rest_route=\/wp\/v2\/pages\/71\/revisions\/72"}],"wp:attachment":[{"href":"https:\/\/gottfried-kirch-edition.de\/index.php?rest_route=%2Fwp%2Fv2%2Fmedia&parent=71"}],"curies":[{"name":"wp","href":"https:\/\/api.w.org\/{rel}","templated":true}]}}