{"id":30,"date":"2019-03-06T16:01:35","date_gmt":"2019-03-06T16:01:35","guid":{"rendered":"http:\/\/wp.gottfried-kirch-edition.de\/?page_id=30"},"modified":"2025-01-19T16:16:39","modified_gmt":"2025-01-19T16:16:39","slug":"herausgeber","status":"publish","type":"page","link":"https:\/\/gottfried-kirch-edition.de\/?page_id=30","title":{"rendered":"Herausgeber"},"content":{"rendered":"\n<p>Edition der Korrespondenz und Kalender von Gottfried Kirch herausgegeben von KLAUS-DIETER HERBST<\/p>\n\n\n\n<figure class=\"wp-block-gallery has-nested-images columns-default is-cropped wp-block-gallery-1 is-layout-flex wp-block-gallery-is-layout-flex\">\n<figure class=\"wp-block-image size-large\"><img loading=\"lazy\" decoding=\"async\" width=\"268\" height=\"300\" data-id=\"44\" src=\"https:\/\/gottfried-kirch-edition.de\/wp-content\/uploads\/2019\/03\/Klaus_001-268x300.jpg\" alt=\"\" class=\"wp-image-44\"\/><\/figure>\n\n\n\n<figure class=\"wp-block-image size-large\"><img loading=\"lazy\" decoding=\"async\" width=\"256\" height=\"300\" data-id=\"47\" src=\"https:\/\/gottfried-kirch-edition.de\/wp-content\/uploads\/2019\/03\/100_0934a-256x300.jpg\" alt=\"\" class=\"wp-image-47\"\/><\/figure>\n<\/figure>\n\n\n\n<p>1994 und 2014<\/p>\n\n\n\n<p>Jahrgang 1961, aus Beesenlaublingen, seit 1982 in Jena<\/p>\n\n\n\n<p>E-mail:&nbsp;<a href=\"mailto:klaus-dieter-herbst@t-online.de\">klaus-dieter-herbst@t-online.de<\/a><\/p>\n\n\n\n<p>1980<br>Abitur an der Spezialklasse f\u00fcr Mathematik und Physik an der Martin-Luther-Universit\u00e4t Halle-Wittenberg<\/p>\n\n\n\n<p>1982 \u2013 1987<br>Studium der Physik, Astronomie und P\u00e4dagogik an der Friedrich- Schiller-Universit\u00e4t Jena<\/p>\n\n\n\n<p>1987 \u2013 1990<br>Forschungsstudium am Institut f\u00fcr Geschichte der Medizin, Naturwissenschaften und Technik, Ernst-Haeckel-Haus (FSU Jena)<\/p>\n\n\n\n<p>1991<br>Promotion Dr. rer. nat. mit der Dissertation \u201cZur Entwicklung des  Meridiankreises 1700 \u2013 1850 unter Ber\u00fccksichtigung des  Wechselverh\u00e4ltnisses zwischen Astronomie, Astro-Technik und Technik\u201d  (Ver\u00f6ffentlichung 1996)<\/p>\n\n\n\n<p>1992<br>Rudolf-Kellermann-Preis f\u00fcr 1991 f\u00fcr die Dissertation<\/p>\n\n\n\n<p>1991 \u2013 2000<br>Lehrer f\u00fcr Physik und Astronomie an einem Gymnasium in Jena<\/p>\n\n\n\n<p>1997 \u2013 2000<br>Landesfachberater f\u00fcr Astronomie in Th\u00fcringen<\/p>\n\n\n\n<p>2001<br>Erziehungsurlaub<\/p>\n\n\n\n<p>1\/2002 \u2013 6\/2005<br>Wissenschaftlicher Mitarbeiter an der TU Berlin bei Prof. Dr. Eberhard Knobloch<br>DFG-Projekt: Edition der Korrespondenz von Gottfried Kirch (<a rel=\"noreferrer noopener\" aria-label=\" (\u00f6ffnet in neuem Tab)\" href=\"https:\/\/gottfried-kirch-edition.de\/?page_id=65\" target=\"_blank\">Ver\u00f6ffentlichung 2006<\/a>)<\/p>\n\n\n\n<p>10\/2006 \u2013 9\/2008<br>Wissenschaftlicher Mitarbeiter an der Universit\u00e4t Bremen bei Prof. Dr. Holger B\u00f6ning<br>DFG-Projekt: Die wissenschaftliche Professionalisierung des Kalenderwesens im 17. Jahrhundert im Kontext der Fr\u00fchaufkl\u00e4rung<\/p>\n\n\n\n<p>2008<br>Gr\u00fcndung des <a rel=\"noreferrer noopener\" aria-label=\" (\u00f6ffnet in neuem Tab)\" href=\"https:\/\/gottfried-kirch-edition.de\/?page_id=92\" target=\"_blank\">Verlags HKD<\/a> [Historische Kalender Drucke]<\/p>\n\n\n\n<p>10\/2008 \u2013 4\/2011<br>Wissenschaftlicher Mitarbeiter an der Universit\u00e4t Bremen bei Prof. Dr. Holger B\u00f6ning<br>DFG-Projekt: Aufbau des <a rel=\"noreferrer noopener\" aria-label=\" (\u00f6ffnet in neuem Tab)\" href=\"http:\/\/www.urmel-dl.de\/#projects\/9\" target=\"_blank\">Portals historischer Kalender<\/a> im Internet mit rund 1.500 Schreibkalendern <a rel=\"noreferrer noopener\" aria-label=\" (\u00f6ffnet in neuem Tab)\" href=\"https:\/\/zs.thulb.uni-jena.de\/servlets\/solr\/find?qry=&amp;fq=objectType:%22jpjournal%22&amp;fq=contentClassi1:%22calendar%22&amp;sort=alphabetic_sort%20asc#thulb-ps-header\" target=\"_blank\">online<\/a><br>Projektpartner: Th\u00fcringer Universit\u00e4ts- und Landesbibliothek Jena,  Institut f\u00fcr Deutsche Presseforschung Bremen, Stadtarchiv Altenburg<\/p>\n\n\n\n<p>2011<br>Wissenschaftlicher Mitarbeiter an der Universit\u00e4t Regensburg bei Prof. Dr. Christoph Meinel<br>Projekt: Vorbereitung der Edition der Korrespondenz des Danziger Astronomen Johannes Hevelius (1611-1687)<br>Gemeinschaftsprojekt mit Kollegen an der Universit\u00e4t Versailles  Saint-Quentin, der Pariser Sternwarte und der Polnischen Akademie der  Wissenschaften in Warschau und Gdansk<br>Der Antrag auf F\u00f6rderung des deutschen Teilprojekts wurde am 14. Februar 2012 durch Prof. Dr. Christoph Meinel bei der Deutschen Forschungsgemeinschaft eingereicht. Der F\u00f6rderung wurde mit Schreiben vom 25. M\u00e4rz 2013 abgelehnt.<\/p>\n\n\n\n<p>2012 \u2013 20.5.2014<br>Freier Mitarbeiter an der Vorbereitung des internationalen Projekts:  Edition der Korrespondenz des Danziger Astronomen Johannes Hevelius  (1611-1687) [vgl. oben]<\/p>\n\n\n\n<p>2013<br>Lehrauftrag an der Universit\u00e4t Jena: Kalender in der Fr\u00fchen Neuzeit<\/p>\n\n\n\n<p>2014<br>Lehrauftrag an der Universit\u00e4t Erfurt: Kalender in der Fr\u00fchen Neuzeit<\/p>\n\n\n\n<p>4\/2014 \u2013 3\/2017<br>Wissenschaftlicher Mitarbeiter an der Universit\u00e4t Bremen bei Prof. Dr. Holger B\u00f6ning<br>DFG-Projekt: Erstellen eines <a rel=\"noreferrer noopener\" aria-label=\" (\u00f6ffnet in neuem Tab)\" href=\"http:\/\/www.presseforschung.uni-bremen.de\/dokuwiki\/doku.php?id=Startseite\" target=\"_blank\">biobibliographischen Handbuchs der Kalendermacher von 1550 bis 1750<\/a><\/p>\n\n\n\n<p>2016<br>Ausarbeitung eines Projektantrags mit dem Thema &#8222;Lutherische Pfarrer als Verfasser von Schreibkalendern im 16. und 17. Jahrhundert&#8220;. Der Antrag auf F\u00f6rderung wurde im Juni 2016 durch Prof. Dr. Achim Landwehr, Universit\u00e4t D\u00fcsseldorf, bei der Deutschen Forschungsgemeinschaft eingereicht. Die F\u00f6rderung wurde mit Schreiben vom 11. Januar 2017 abgelehnt.<\/p>\n\n\n\n<p>2017<br>Ausarbeitung eines Projektantrags mit dem Thema &#8222;Edition der Korrespondenz zwischen Heinrich Wilhelm Olbers (1758-1840) und Heinrich Christian Schumacher (1780-1850)&#8220;. Der Antrag auf F\u00f6rderung wurde am 26. Juni 2017 durch Prof. Dr. Eberhard Knobloch, Deutsche Akademie der Naturforscher Leopoldina Halle, bei der Deutschen Forschungsgemeinschaft eingereicht. Die F\u00f6rderung wurde mit Schreiben vom 28. M\u00e4rz 2018 abgelehnt. Auch der am 23. August 2018 erneut eingereichte \u00fcberarbeitete Antrag wurde mit Schreiben vom 15. April 2019 abgelehnt, obwohl von den Gutachtern die F\u00f6rderung des Projekts &#8222;mit h\u00f6chster Priorit\u00e4t&#8220; und &#8222;uneingeschr\u00e4nkt&#8220; empfohlen wurde.<\/p>\n\n\n\n<p>2018<br>Ausarbeitung eines Projektantrags zu den Schreibkalendern (F\u00f6rderung durch die DFG bewilligt)<\/p>\n\n\n\n<p>11\/2018 \u2013 3\/2019<br>Honorarlehrer f\u00fcr Physik an einer Schule in Jena<\/p>\n\n\n\n<p>7\/2019  \u2013 1\/2020<br>Arbeit an der Druckfassung: <a href=\"https:\/\/gottfried-kirch-edition.de\/wp-content\/uploads\/2020\/01\/2020-Handbuch.pdf\">&#8222;Biobibliographisches Handbuch der Kalendermacher&#8220;<\/a><\/p>\n\n\n\n<p>9\/2020 \u2013 3\/2021<br>Arbeit an der Biographie von Gottfried Kirch (1639\u20131710)<\/p>\n\n\n\n<p>4\/2021 \u2013 12\/2024<br>Wissenschaftlicher Mitarbeiter an der Universit\u00e4t Erlangen-N\u00fcrnberg bei Prof. Dr. Daniel Bellingradt<br>1\/2025 \u2013 3\/2026<br>Wissenschaftlicher Mitarbeiter an der Universit\u00e4t Augsburg bei Prof. Dr. Daniel Bellingradt<br>jeweils DFG-Projekt: <a href=\"https:\/\/schreibkalender.wisski.data.fau.de\/\">Erschlie\u00dfung der handschriftlichen Eintr\u00e4ge in fr\u00fchneuzeitlichen Schreibkalendern mittels eines Repertoriums (ca. 1540 bis 1800)<\/a><\/p>\n\n\n\n<p><em>Zuletzt ge\u00e4ndert am 19.1.2025.<\/em><\/p>\n\n\n\n<p><\/p>\n","protected":false},"excerpt":{"rendered":"<p>Edition der Korrespondenz und Kalender von Gottfried Kirch herausgegeben von KLAUS-DIETER HERBST 1994 und 2014 Jahrgang 1961, aus Beesenlaublingen, seit 1982 in Jena E-mail:&nbsp;klaus-dieter-herbst@t-online.de 1980Abitur an der Spezialklasse f\u00fcr Mathematik und Physik an der Martin-Luther-Universit\u00e4t Halle-Wittenberg 1982 \u2013 1987Studium der Physik, Astronomie und P\u00e4dagogik an der Friedrich- Schiller-Universit\u00e4t Jena 1987 \u2013 1990Forschungsstudium am Institut f\u00fcr&#8230;<\/p>\n","protected":false},"author":2,"featured_media":0,"parent":0,"menu_order":0,"comment_status":"closed","ping_status":"closed","template":"","meta":{"footnotes":""},"class_list":["post-30","page","type-page","status-publish","hentry"],"_links":{"self":[{"href":"https:\/\/gottfried-kirch-edition.de\/index.php?rest_route=\/wp\/v2\/pages\/30","targetHints":{"allow":["GET"]}}],"collection":[{"href":"https:\/\/gottfried-kirch-edition.de\/index.php?rest_route=\/wp\/v2\/pages"}],"about":[{"href":"https:\/\/gottfried-kirch-edition.de\/index.php?rest_route=\/wp\/v2\/types\/page"}],"author":[{"embeddable":true,"href":"https:\/\/gottfried-kirch-edition.de\/index.php?rest_route=\/wp\/v2\/users\/2"}],"replies":[{"embeddable":true,"href":"https:\/\/gottfried-kirch-edition.de\/index.php?rest_route=%2Fwp%2Fv2%2Fcomments&post=30"}],"version-history":[{"count":26,"href":"https:\/\/gottfried-kirch-edition.de\/index.php?rest_route=\/wp\/v2\/pages\/30\/revisions"}],"predecessor-version":[{"id":530,"href":"https:\/\/gottfried-kirch-edition.de\/index.php?rest_route=\/wp\/v2\/pages\/30\/revisions\/530"}],"wp:attachment":[{"href":"https:\/\/gottfried-kirch-edition.de\/index.php?rest_route=%2Fwp%2Fv2%2Fmedia&parent=30"}],"curies":[{"name":"wp","href":"https:\/\/api.w.org\/{rel}","templated":true}]}}

<p>Edition der Korrespondenz und Kalender von Gottfried Kirch herausgegeben von KLAUS-DIETER HERBST</p>



<figure class="wp-block-gallery has-nested-images columns-default is-cropped wp-block-gallery-1 is-layout-flex wp-block-gallery-is-layout-flex">
<figure class="wp-block-image size-large"><img loading="lazy" decoding="async" width="268" height="300" data-id="44" src="https://gottfried-kirch-edition.de/wp-content/uploads/2019/03/Klaus_001-268x300.jpg" alt="" class="wp-image-44"/></figure>



<figure class="wp-block-image size-large"><img loading="lazy" decoding="async" width="256" height="300" data-id="47" src="https://gottfried-kirch-edition.de/wp-content/uploads/2019/03/100_0934a-256x300.jpg" alt="" class="wp-image-47"/></figure>
</figure>



<p>1994 und 2014</p>



<p>Jahrgang 1961, aus Beesenlaublingen, seit 1982 in Jena</p>



<p>E-mail:&nbsp;<a href="mailto:klaus-dieter-herbst@t-online.de">klaus-dieter-herbst@t-online.de</a></p>



<p>1980<br>Abitur an der Spezialklasse für Mathematik und Physik an der Martin-Luther-Universität Halle-Wittenberg</p>



<p>1982 – 1987<br>Studium der Physik, Astronomie und Pädagogik an der Friedrich- Schiller-Universität Jena</p>



<p>1987 – 1990<br>Forschungsstudium am Institut für Geschichte der Medizin, Naturwissenschaften und Technik, Ernst-Haeckel-Haus (FSU Jena)</p>



<p>1991<br>Promotion Dr. rer. nat. mit der Dissertation “Zur Entwicklung des  Meridiankreises 1700 – 1850 unter Berücksichtigung des  Wechselverhältnisses zwischen Astronomie, Astro-Technik und Technik”  (Veröffentlichung 1996)</p>



<p>1992<br>Rudolf-Kellermann-Preis für 1991 für die Dissertation</p>



<p>1991 – 2000<br>Lehrer für Physik und Astronomie an einem Gymnasium in Jena</p>



<p>1997 – 2000<br>Landesfachberater für Astronomie in Thüringen</p>



<p>2001<br>Erziehungsurlaub</p>



<p>1/2002 – 6/2005<br>Wissenschaftlicher Mitarbeiter an der TU Berlin bei Prof. Dr. Eberhard Knobloch<br>DFG-Projekt: Edition der Korrespondenz von Gottfried Kirch (<a rel="noreferrer noopener" aria-label=" (öffnet in neuem Tab)" href="https://gottfried-kirch-edition.de/?page_id=65" target="_blank">Veröffentlichung 2006</a>)</p>



<p>10/2006 – 9/2008<br>Wissenschaftlicher Mitarbeiter an der Universität Bremen bei Prof. Dr. Holger Böning<br>DFG-Projekt: Die wissenschaftliche Professionalisierung des Kalenderwesens im 17. Jahrhundert im Kontext der Frühaufklärung</p>



<p>2008<br>Gründung des <a rel="noreferrer noopener" aria-label=" (öffnet in neuem Tab)" href="https://gottfried-kirch-edition.de/?page_id=92" target="_blank">Verlags HKD</a> [Historische Kalender Drucke]</p>



<p>10/2008 – 4/2011<br>Wissenschaftlicher Mitarbeiter an der Universität Bremen bei Prof. Dr. Holger Böning<br>DFG-Projekt: Aufbau des <a rel="noreferrer noopener" aria-label=" (öffnet in neuem Tab)" href="http://www.urmel-dl.de/#projects/9" target="_blank">Portals historischer Kalender</a> im Internet mit rund 1.500 Schreibkalendern <a rel="noreferrer noopener" aria-label=" (öffnet in neuem Tab)" href="https://zs.thulb.uni-jena.de/servlets/solr/find?qry=&amp;fq=objectType:%22jpjournal%22&amp;fq=contentClassi1:%22calendar%22&amp;sort=alphabetic_sort%20asc#thulb-ps-header" target="_blank">online</a><br>Projektpartner: Thüringer Universitäts- und Landesbibliothek Jena,  Institut für Deutsche Presseforschung Bremen, Stadtarchiv Altenburg</p>



<p>2011<br>Wissenschaftlicher Mitarbeiter an der Universität Regensburg bei Prof. Dr. Christoph Meinel<br>Projekt: Vorbereitung der Edition der Korrespondenz des Danziger Astronomen Johannes Hevelius (1611-1687)<br>Gemeinschaftsprojekt mit Kollegen an der Universität Versailles  Saint-Quentin, der Pariser Sternwarte und der Polnischen Akademie der  Wissenschaften in Warschau und Gdansk<br>Der Antrag auf Förderung des deutschen Teilprojekts wurde am 14. Februar 2012 durch Prof. Dr. Christoph Meinel bei der Deutschen Forschungsgemeinschaft eingereicht. Der Förderung wurde mit Schreiben vom 25. März 2013 abgelehnt.</p>



<p>2012 – 20.5.2014<br>Freier Mitarbeiter an der Vorbereitung des internationalen Projekts:  Edition der Korrespondenz des Danziger Astronomen Johannes Hevelius  (1611-1687) [vgl. oben]</p>



<p>2013<br>Lehrauftrag an der Universität Jena: Kalender in der Frühen Neuzeit</p>



<p>2014<br>Lehrauftrag an der Universität Erfurt: Kalender in der Frühen Neuzeit</p>



<p>4/2014 – 3/2017<br>Wissenschaftlicher Mitarbeiter an der Universität Bremen bei Prof. Dr. Holger Böning<br>DFG-Projekt: Erstellen eines <a rel="noreferrer noopener" aria-label=" (öffnet in neuem Tab)" href="http://www.presseforschung.uni-bremen.de/dokuwiki/doku.php?id=Startseite" target="_blank">biobibliographischen Handbuchs der Kalendermacher von 1550 bis 1750</a></p>



<p>2016<br>Ausarbeitung eines Projektantrags mit dem Thema &#8222;Lutherische Pfarrer als Verfasser von Schreibkalendern im 16. und 17. Jahrhundert&#8220;. Der Antrag auf Förderung wurde im Juni 2016 durch Prof. Dr. Achim Landwehr, Universität Düsseldorf, bei der Deutschen Forschungsgemeinschaft eingereicht. Die Förderung wurde mit Schreiben vom 11. Januar 2017 abgelehnt.</p>



<p>2017<br>Ausarbeitung eines Projektantrags mit dem Thema &#8222;Edition der Korrespondenz zwischen Heinrich Wilhelm Olbers (1758-1840) und Heinrich Christian Schumacher (1780-1850)&#8220;. Der Antrag auf Förderung wurde am 26. Juni 2017 durch Prof. Dr. Eberhard Knobloch, Deutsche Akademie der Naturforscher Leopoldina Halle, bei der Deutschen Forschungsgemeinschaft eingereicht. Die Förderung wurde mit Schreiben vom 28. März 2018 abgelehnt. Auch der am 23. August 2018 erneut eingereichte überarbeitete Antrag wurde mit Schreiben vom 15. April 2019 abgelehnt, obwohl von den Gutachtern die Förderung des Projekts &#8222;mit höchster Priorität&#8220; und &#8222;uneingeschränkt&#8220; empfohlen wurde.</p>



<p>2018<br>Ausarbeitung eines Projektantrags zu den Schreibkalendern (Förderung durch die DFG bewilligt)</p>



<p>11/2018 – 3/2019<br>Honorarlehrer für Physik an einer Schule in Jena</p>



<p>7/2019  – 1/2020<br>Arbeit an der Druckfassung: <a href="https://gottfried-kirch-edition.de/wp-content/uploads/2020/01/2020-Handbuch.pdf">&#8222;Biobibliographisches Handbuch der Kalendermacher&#8220;</a></p>



<p>9/2020 – 3/2021<br>Arbeit an der Biographie von Gottfried Kirch (1639–1710)</p>



<p>4/2021 – 12/2024<br>Wissenschaftlicher Mitarbeiter an der Universität Erlangen-Nürnberg bei Prof. Dr. Daniel Bellingradt<br>1/2025 – 3/2026<br>Wissenschaftlicher Mitarbeiter an der Universität Augsburg bei Prof. Dr. Daniel Bellingradt<br>jeweils DFG-Projekt: <a href="https://schreibkalender.wisski.data.fau.de/">Erschließung der handschriftlichen Einträge in frühneuzeitlichen Schreibkalendern mittels eines Repertoriums (ca. 1540 bis 1800)</a></p>



<p><em>Zuletzt geändert am 19.1.2025.</em></p>



<p></p>

<p>Edition der Korrespondenz und Kalender von Gottfried Kirch herausgegeben von KLAUS-DIETER HERBST 1994 und 2014 Jahrgang 1961, aus Beesenlaublingen, seit 1982 in Jena E-mail:&nbsp;klaus-dieter-herbst@t-online.de 1980Abitur an der Spezialklasse für Mathematik und Physik an der Martin-Luther-Universität Halle-Wittenberg 1982 – 1987Studium der Physik, Astronomie und Pädagogik an der Friedrich- Schiller-Universität Jena 1987 – 1990Forschungsstudium am Institut für&#8230;</p>
