{"id":28,"date":"2019-03-06T15:59:26","date_gmt":"2019-03-06T15:59:26","guid":{"rendered":"http:\/\/wp.gottfried-kirch-edition.de\/?page_id=28"},"modified":"2019-03-13T15:10:41","modified_gmt":"2019-03-13T15:10:41","slug":"edition","status":"publish","type":"page","link":"https:\/\/gottfried-kirch-edition.de\/?page_id=28","title":{"rendered":"Edition"},"content":{"rendered":"\n<h4 class=\"wp-block-heading\">KORRESPONDENZ<\/h4>\n\n\n\n<p>Die Edition umfa\u00dft 895 ermittelte \nSchreiben, wovon 607 in 15 Archiven und Bibliotheken in 6 L\u00e4ndern \n\u00fcberliefert sind. Der gr\u00f6\u00dfte Teil wird erstmals ver\u00f6ffentlicht. Die \nbedeutendsten Best\u00e4nde liegen in den Universit\u00e4tsbibliotheken Basel und \nLeipzig sowie in der Bibliothek des Observatoriums Paris. Ihre Edition \nwurde&nbsp;von Januar 2002 bis Juni 2005&nbsp;von der Deutschen \nForschungsgemeinschaft gef\u00f6rdert. Die Antragstellung erfolgte durch \nHerrn Prof. Dr. Eberhard Knobloch (Technische Universit\u00e4t Berlin) und \nHerrn Prof. Dr. Dieter B. Herrmann (Archenhold-Sternwarte \nBerlin-Treptow). Mit der Edition wird verschiedenen historischen \nDisziplinen neues Material f\u00fcr die Forschung bereitgestellt, sowohl f\u00fcr \nakademische Themen als auch f\u00fcr regionalhistorische Aspekte.&nbsp;Die Edition\n ist&nbsp;seit dem&nbsp;24. Juli 2006 lieferbar.<\/p>\n\n\n\n<h4 class=\"wp-block-heading\">KALENDER<\/h4>\n\n\n\n<p>Die Edition der Kalender von Gottfried Kirch erfolgt ab 2008 im Rahmen der Schriftenreihe <a href=\"https:\/\/gottfried-kirch-edition.de\/?page_id=84\" target=\"_blank\" rel=\"noreferrer noopener\" aria-label=\" (\u00f6ffnet in neuem Tab)\">ACTA CALENDARIOGRAPHICA<\/a>.<\/p>\n","protected":false},"excerpt":{"rendered":"<p>KORRESPONDENZ Die Edition umfa\u00dft 895 ermittelte Schreiben, wovon 607 in 15 Archiven und Bibliotheken in 6 L\u00e4ndern \u00fcberliefert sind. Der gr\u00f6\u00dfte Teil wird erstmals ver\u00f6ffentlicht. Die bedeutendsten Best\u00e4nde liegen in den Universit\u00e4tsbibliotheken Basel und Leipzig sowie in der Bibliothek des Observatoriums Paris. Ihre Edition wurde&nbsp;von Januar 2002 bis Juni 2005&nbsp;von der Deutschen Forschungsgemeinschaft gef\u00f6rdert. Die&#8230;<\/p>\n","protected":false},"author":2,"featured_media":0,"parent":0,"menu_order":0,"comment_status":"closed","ping_status":"closed","template":"","meta":{"footnotes":""},"class_list":["post-28","page","type-page","status-publish","hentry"],"_links":{"self":[{"href":"https:\/\/gottfried-kirch-edition.de\/index.php?rest_route=\/wp\/v2\/pages\/28","targetHints":{"allow":["GET"]}}],"collection":[{"href":"https:\/\/gottfried-kirch-edition.de\/index.php?rest_route=\/wp\/v2\/pages"}],"about":[{"href":"https:\/\/gottfried-kirch-edition.de\/index.php?rest_route=\/wp\/v2\/types\/page"}],"author":[{"embeddable":true,"href":"https:\/\/gottfried-kirch-edition.de\/index.php?rest_route=\/wp\/v2\/users\/2"}],"replies":[{"embeddable":true,"href":"https:\/\/gottfried-kirch-edition.de\/index.php?rest_route=%2Fwp%2Fv2%2Fcomments&post=28"}],"version-history":[{"count":2,"href":"https:\/\/gottfried-kirch-edition.de\/index.php?rest_route=\/wp\/v2\/pages\/28\/revisions"}],"predecessor-version":[{"id":216,"href":"https:\/\/gottfried-kirch-edition.de\/index.php?rest_route=\/wp\/v2\/pages\/28\/revisions\/216"}],"wp:attachment":[{"href":"https:\/\/gottfried-kirch-edition.de\/index.php?rest_route=%2Fwp%2Fv2%2Fmedia&parent=28"}],"curies":[{"name":"wp","href":"https:\/\/api.w.org\/{rel}","templated":true}]}}